05304 is divided by 6.
4
Calculate the remainder when 38073 is divided by 1411.
1387
Calculate the remainder when 253102 is divided by 126471.
160
What is the remainder when 525374 is divided by 1372?
1270
Calculate the remainder when 27040 is divided by 26801.
239
What is the remainder when 2304327 is divided by 13243?
45
What is the remainder when 33585821 is divided by 326?
323
What is the remainder when 80197 is divided by 1633?
180
What is the remainder when 1851582 is divided by 64?
62
What is the remainder when 1360499 is divided by 369?
365
What is the remainder when 160604 is divided by 708?
596
Calculate the remainder when 453196 is divided by 1597.
1245
Calculate the remainder when 1215235 is divided by 298.
289
Calculate the remainder when 4418510 is divided by 339885.
5
Calculate the remainder when 86445065 is divided by 503.
491
What is the remainder when 39720 is divided by 39711?
9
What is the remainder when 4127523 is divided by 362?
361
Calculate the remainder when 427237 is divided by 60997.
258
Calculate the remainder when 85858 is divided by 5693.
463
What is the remainder when 139062 is divided by 1447?
150
Calculate the remainder when 211253 is divided by 5397.
770
What is the remainder when 174585 is divided by 1264?
153
Calculate the remainder when 1207365341 is divided by 19744.
19741
What is the remainder when 1263300 is divided by 1937?
376
What is the remainder when 2938376 is divided by 22?
12
Calculate the remainder when 760234 is divided by 362.
34
What is the remainder when 60568692 is divided by 21?
9
Calculate the remainder when 582197 is divided by 4695.
17
Calculate the remainder when 222042638 is divided by 3940.
3938
What is the remainder when 85085 is divided by 4695?
575
What is the remainder when 65853318 is divided by 1783?
1779
Calculate the remainder when 286859 is divided by 143392.
75
What is the remainder when 10802156 is divided by 1800358?
8
Calculate the remainder when 1766173 is divided by 32112.
13
Calculate the remainder when 78327479 is divided by 3234.
3233
Calculate the remainder when 200290 is divided by 101.
7
Calculate the remainder when 620052 is divided by 206586.
294
Calculate the remainder when 113524 is divided by 22667.
189
Calculate the remainder when 30117861 is divided by 614650.
11
Calculate the remainder when 1982138 is divided by 220235.
23
Calculate the remainder when 281525 is divided by 27.
23
Calculate the remainder when 131118160 is divided by 3116.
3112
What is the remainder when 3797418 is divided by 949330?
98
What is the remainder when 236720 is divided by 508?
500
Calculate the remainder when 729240 is divided by 71.
70
Calculate the remainder when 2324410869 is divided by 6797.
6794
Calculate the remainder when 8683436 is divided by 119.
6
What is the remainder when 12192 is divided by 11874?
318
Calculate the remainder when 2554491 is divided by 102.
3
Calculate the remainder when 1551867 is divided by 11581.
13
Calculate the remainder when 70974 is divided by 35359.
256
Calculate the remainder when 101541351 is divided by 45230.
1
Calculate the remainder when 7456875 is divided by 918.
879
Calculate the remainder when 68627701 is divided by 26.
25
Calculate the remainder when 518468 is divided by 47128.
60
Calculate the remainder when 511543 is divided by 10155.
3793
Calculate the remainder when 39218 is divided by 9610.
778
Calculate the remainder when 27746291 is divided by 97015.
1
Calculate the remainder when 3171005 is divided by 7514.
97
What is the remainder when 21572 is divided by 10779?
14
What is the remainder when 2559572270 is divided by 97?
96
What is the remainder when 16032949 is divided by 31?
28
What is the remainder when 31137789 is divided by 128?
125
Calculate the remainder when 317373 is divided by 157595.
2183
What is the remainder when 49623 is divided by 5844?
2871
Calculate the remainder when 512408 is divided by 24313.
1835
What is the remainder when 202338 is divided by 202327?
11
What is the remainder when 2551572 is divided by 3082?
2758
Calculate the remainder when 3456504 is divided by 28566.
18
What is the remainder when 63862 is divided by 3048?
2902
What is the remainder when 10540273 is divided by 881?
870
What is the remainder when 185539 is divided by 198?
13
Calculate the remainder when 30750409 is divided by 2289.
2272
What is the remainder when 272960 is divided by 1784?
8
What is the remainder when 4490902 is divided by 498986?
28
What is the remainder when 249715 is divided by 62390?
155
What is the remainder when 54592246 is divided by 577?
545
What is the remainder when 2623675390 is divided by 768?
766
What is the remainder when 2025847 is divided by 494?
447
Calculate the remainder when 285209 is divided by 90.
89
Calculate the remainder when 1376913117 is divided by 22.
19
Calculate the remainder when 16420461 is divided by 893.
870
What is the remainder when 14584521 is divided by 129?
39
Calculate the remainder when 191577 is divided by 31926.
21
Calculate the remainder when 5767736 is divided by 660.
656
What is the remainder when 1448242 is divided by 361697?
1454
Calculate the remainder when 6445120 is divided by 173.
5
Calculate the remainder when 1563986 is divided by 1072.
1010
What is the remainder when 30807 is divided by 7546?
623
What is the remainder when 109239758 is divided by 2250?
8
What is the remainder when 556594 is divided by 79504?
66
What is the remainder when 4633757 is divided by 6490?
6387
What is the remainder when 38469 is divided by 17617?
3235
What is the remainder when 30402 is divided by 6493?
4430
Calculate the remainder when 401034 is divided by 747.
642
What is the remainder when 94856739 is divided by 1045?
1044
Calculate the remainder when 14321 is divided by 11915.
2406
Calculate the remainder when 854782 is divided by 549.
538
What is the remainder when 43293500 is divided by 23?
2
What is the remainder when 1817769 is divided by 3787?
9
Calculate the remainder when 18618 is divided by 6073.
399
What is the remainder when 1665005 is divided by 82?
77
Calculate the remainder when 3251330 is divided by 6608.
194
What is the remainder when 25939400 is divided by 4323233?
2
Calculate the remainder when 5611507874 is divided by 662.
660
What is the remainder when 181620 is divided by 697?
400
Calculate the remainder when 37285522 is divided by 47.
46
What is the remainder when 136928 is divided by 1275?
503
What is the remainder when 36881241 is divided by 1844061?
21
What is the remainder when 2366285 is divided by 467?
463
What is the remainder when 7909847 is divided by 263650?
347
Calculate the remainder when 2594670 is divided by 675.
645
What is the remainder when 25623 is divided by 6994?
4641
Calculate the remainder when 1370897 is divided by 5374.
527
Calculate the remainder when 214591 is divided by 123.
79
What is the remainder when 16244 is divided by 2312?
60
What is the remainder when 676350 is divided by 4227?
30
What is the remainder when 9112 is divided by 7845?
1267
Calculate the remainder when 7288985 is divided by 560690.
15
What is the remainder when 557476 is divided by 85?
46
What is the remainder when 151261 is divided by 1905?
766
Calculate the remainder when 52127 is divided by 2373.
2294
What is the remainder when 5659389 is divided by 373?
233
Calculate the remainder when 227400725 is divided by 1636.
1633
What is the remainder when 11292498 is divided by 1951?
110
Calculate the remainder when 1082278 is divided by 2.
0
What is the remainder when 7806851 is divided by 1?
0
What is the remainder when 34215712 is divided by 28?
20
Calculate the remainder when 6145351 is divided by 3008.
7
What is the remainder when 129918 is divided by 5010?
4668
What is the remainder when 107801 is divided by 2773?
2427
What is the remainder when 41036 is divided by 584?
156
Calculate the remainder when 10357745 is divided by 55.
35
What is the remainder when 104712 is divided by 1022?
468
Calculate the remainder when 811628 is divided by 538.
324
What is the remainder when 50249 is divided by 3334?
239
What is the remainder when 1084991 is divided by 100?
91
Calculate the remainder when 7903440 is divided by 3951717.
6
What is the remainder when 2688259 is divided